963
In base 6, what is 5 + 3233121?
3233130
In base 6, what is -401121 + 2?
-401115
In base 9, what is -234 - -6586?
6352
In base 11, what is -4 + 1396a?
13966
In base 12, what is -392 + 1?
-391
In base 7, what is -214331 + 4?
-214324
In base 2, what is 10000111001110010001 - 0?
10000111001110010001
In base 8, what is -112 + -523?
-635
In base 12, what is 720 - 4a?
692
In base 6, what is 3 - -43044?
43051
In base 5, what is -10434021 + -3?
-10434024
In base 2, what is 101 - 11010111000001?
-11010110111100
In base 9, what is 2442 - -188?
2641
In base 2, what is 10001011 + 1000001000000?
1000011001011
In base 2, what is -1001101001 - -10101110?
-110111011
In base 4, what is -310 - -33200?
32230
In base 13, what is 47 - -149?
193
In base 5, what is 13132 - -23141?
41323
In base 15, what is 4 + -17b00?
-17aeb
In base 14, what is -1 - -309d?
309c
In base 2, what is -100001000100 + -100101?
-100001101001
In base 4, what is -23311 + -10212?
-100123
In base 4, what is 10 - -12011232?
12011302
In base 16, what is -510bb - 9?
-510c4
In base 10, what is 32694 - -27?
32721
In base 15, what is 1b5 + 51b?
6d1
In base 5, what is 14 + 34442414?
34442433
In base 15, what is 2 - -23962?
23964
In base 12, what is -1728 + -73?
-179b
In base 6, what is 14 + -102253?
-102235
In base 9, what is 3 - 1305826?
-1305823
In base 10, what is 2 + -679359?
-679357
In base 8, what is -661 + -4564?
-5445
In base 15, what is 2 - -169a2?
169a4
In base 11, what is 0 - -30a09?
30a09
In base 9, what is 363 - 200?
163
In base 3, what is 110001010 + -121211?
102102022
In base 6, what is 1255 - -303?
2002
In base 4, what is -20 - -11010321?
11010301
In base 16, what is -14f - 653?
-7a2
In base 16, what is -11 + -1206?
-1217
In base 2, what is 10100101111111110001 + 101?
10100101111111110110
In base 3, what is 2011012000 + -201?
2011011022
In base 14, what is -48cb - 4?
-48d1
In base 12, what is 4 - 42974?
-42970
In base 10, what is -8390 - -23?
-8367
In base 12, what is 191 - -294?
465
In base 11, what is -9 + -147879?
-147887
In base 7, what is -13 - -1214?
1201
In base 16, what is -221e + -25?
-2243
In base 8, what is 515666 - -5?
515673
In base 7, what is 116656 + 0?
116656
In base 14, what is -bd42 - 5?
-bd47
In base 6, what is 133 - 1012400?
-1012223
In base 9, what is -4 - 11845?
-11850
In base 2, what is 111000011 - 100000?
110100011
In base 13, what is -2c2614 - -2?
-2c2612
In base 11, what is -18 - -38674?
38657
In base 3, what is -1012111111 - -22?
-1012111012
In base 8, what is 1 + 430247?
430250
In base 12, what is -1 - 53695?
-53696
In base 3, what is 122 - 10101212011?
-10101211112
In base 14, what is -35 + 545?
510
In base 11, what is -416 + 68?
-359
In base 15, what is 4644 + -2d?
4616
In base 16, what is -74 - -11a?
a6
In base 2, what is 100010101111101 - 1?
100010101111100
In base 4, what is -3211301 - -1?
-3211300
In base 3, what is -1021220211212 + 1?
-1021220211211
In base 10, what is 1211724 - -1?
1211725
In base 14, what is -16 + 1144?
112c
In base 8, what is 3 - -23267?
23272
In base 10, what is 142 - -578?
720
In base 10, what is 773506 + 1?
773507
In base 7, what is 4516 - -324?
5143
In base 5, what is -312321 + 10?
-312311
In base 10, what is 120 + -2061?
-1941
In base 3, what is 10010112202 - -10?
10010112212
In base 14, what is -2b8 - 53?
-32b
In base 2, what is 10000000 - 1110?
1110010
In base 4, what is -121211303 - 1?
-121211310
In base 14, what is -133c + 86?
-1296
In base 13, what is 11 + 18c2?
1903
In base 5, what is 121 - -20143?
20314
In base 16, what is 3 - 94665?
-94662
In base 5, what is 334 - 13440?
-13101
In base 5, what is 2434 - 1110?
1324
In base 9, what is 3610014 - 0?
3610014
In base 14, what is 451183 + 2?
451185
In base 12, what is 57a + -13?
567
In base 4, what is 1210122221 - -3?
1210122230
In base 8, what is 15147 - 6?
15141
In base 3, what is 0 + -200102111112?
-200102111112
In base 5, what is 1 + -40043131?
-40043130
In base 2, what is -1000001010 - 1110101000?
-10110110010
In base 13, what is b0 + 1807?
18b7
In base 4, what is 12201223 + 123?
12202012
In base 13, what is 37598 + -c?
37589
In base 6, what is -1015 + 35?
-540
In base 9, what is 11 + -146556?
-146545
In base 7, what is 1326 - 321?
1005
In base 4, what is 100 + -101200331?
-101200231
In base 15, what is -9c0 - -33?
-98c
In base 6, what is -13 - -2112135?
2112122
In base 2, what is 1000011110011011100 - -1?
1000011110011011101
In base 3, what is 102102101012 - -1?
102102101020
In base 10, what is 0 - 46905?
-46905
In base 10, what is 1081 + 1148?
2229
In base 2, what is -1010 - -110010010?
110001000
In base 8, what is 2 + 56254?
56256
In base 7, what is 140304 - 56?
140215
In base 16, what is 425 - 46?
3df
In base 13, what is 22 - -1b8?
20a
In base 15, what is 185a67 - -1?
185a68
In base 13, what is -1a60 + -5c?
-1abc
In base 4, what is 2223311122 + -1?
2223311121
In base 8, what is 1 - -1134351?
1134352
In base 9, what is 4 + -22785?
-22781
In base 11, what is 0 + -895?
-895
In base 7, what is 5 + 466216?
466224
In base 4, what is 2 + 3303113210?
3303113212
In base 9, what is 161758 + 3?
161762
In base 9, what is -35 + 211?
165
In base 13, what is 35c3 + -10?
35b3
In base 6, what is 1300054 - -15?
1300113
In base 6, what is 5 - 20401505?
-20401500
In base 11, what is 647 + 32?
679
In base 12, what is 8a43 - -2?
8a45
In base 7, what is -5 + -603343?
-603351
In base 10, what is 11 - -2202?
2213
In base 7, what is 236 + -133?
103
In base 2, what is 10010 - -110011100?
110101110
In base 7, what is -64305050 + 2?
-64305045
In base 13, what is -c2b - -33?
-bc8
In base 5, what is 4 + -323131?
-323122
In base 6, what is -1002111 + 3?
-1002104
In base 16, what is -25e + -1a?
-278
In base 9, what is 0 - 38128?
-38128
In base 6, what is 123214031 + -3?
123214024
In base 13, what is a2 - 9?
96
In base 12, what is 4 - 10730?
-10728
In base 2, what is 1010101 - 11011101100?
-11010010111
In base 11, what is 141 - 263?
-122
In base 15, what is -1085 - -2e?
-1056
In base 3, what is -1000 + -1202022?
-1210022
In base 6, what is -212 - -41023?
40411
In base 3, what is 10120101002 + 10?
10120101012
In base 10, what is -91076 + -11?
-91087
In base 2, what is 111111011110100 + -1011101?
111111010010111
In base 4, what is -1332120 - -122?
-1331332
In base 2, what is 101 - 1110011100111?
-1110011100010
In base 3, what is 2 - 1002012222?
-1002012220
In base 5, what is -2204020 + 20?
-2204000
In base 13, what is 3 + -7539?
-7536
In base 5, what is 3 - -124344?
124402
In base 11, what is -a91 + 104?
-988
In base 3, what is -120 - 111002111?
-111010001
In base 13, what is 341 - -5b?
39c
In base 2, what is -111000110010001 - 10?
-111000110010011
In base 10, what is 335 - -206?
541
In base 13, what is -8 - 42998?
-429a3
In base 16, what is -a23d - 0?
-a23d
In base 6, what is 335101 + 2?
335103
In base 3, what is -10012202 - 1112201?
-11202110
In base 9, what is -20 - -13643?
13623
In base 15, what is 55 + -17da?
-1785
In base 3, what is -11 - 1021222211?
-1021222222
In base 13, what is -55435 + -3?
-55438
In base 11, what is 2 + 11105?
11107
In base 14, what is 3b6b - -a?
3b77
In base 16, what is 2b + 1303?
132e
In base 10, what is -503029 + 2?
-503027
In base 3, what is 1112 + -110?
1002
In base 14, what is -dc034 - -2?
-dc032
In base 3, what is -10122001120 + -221?
-10122002111
In base 15, what is 484505 - -3?
484508
In base 7, what is 1163 - 341?
522
In base 5, what is 23 + 40411?
40434
In base 5, what is 234 - 443142?
-442403
In base 16, what is -1100a9 - 1?
-1100aa
In base 9, what is -36120 - 15?
-36135
In base 14, what is 1 - 3235?
-3234
In base 15, what is 0 + 1063?
1063
In base 14, what is -3b640 - -4?
-3b63a
In base 2, what is -10110110101 - -100111?
-10110001110
In base 2, what is -1101111111111101 - 100?
-1110000000000001
In base 4, what is 2 - 1130011?
-1130003
In base 5, what is -1320 + 4310?
2440
In base 3, what is -11 + -1210101011001?
-1210101011012
In base 3, what is 100 - 1202202012?
-1202201212
In base 6, what is -251 + 2123?
1432
In base 6, what is -20114203 + -1?
-20114204
In base 12, what is -4215 - -29?
-41a8
In base 15, what is 1 - -1068?
1069
In base 6, what is 4145 - 40?
4105
In base 4, what is 3 - 2330302?
-2330233
In base 9, what is 3 + 144150?
144153
In base 4, w